ose -4*l + o = l. List the prime factors of l.
13
Let c(s) = s**2 - 6*s - 3. Let n(t) = -2*t - 21*t + 5*t**2 - t**2 - 13. Let k(o) = -9*c(o) + 2*n(o). What are the prime factors of k(7)?
2
Let m = -7 - -10. Suppose 5*i - m*d = 120, -4*d - d = 2*i - 48. What are the prime factors of i?
2, 3
Suppose -2*r = r - 51. List the prime factors of r.
17
Let s(m) = 4*m**2 - m - 1. What are the prime factors of s(-2)?
17
Let r(j) be the first derivative of j**2 + 6*j + 1. Let c be r(-6). What are the prime factors of (-3)/c - 21/(-2)?
11
Let c(l) = 2*l**2 - 20*l + 17. What are the prime factors of c(18)?
5, 61
Let f(k) be the third derivative of k**5/20 + k**3/6 + 3*k**2. Let m be f(1). Let t(j) = 5*j - 6. List the prime factors of t(m).
2, 7
List the prime factors of 2*1/(-4)*-100.
2, 5
What are the prime factors of 39 + (4/(-1) - -4)?
3, 13
Let m be 1*6*(-6)/9. List the prime factors of (-1)/m + (-59)/(-4).
3, 5
Let r be 7/(-7) - (0 + 10). Let l = -6 - r. Suppose -l*w = -3*w - 18. What are the prime factors of w?
3
Let f(q) = -3*q - 4. List the prime factors of f(-8).
2, 5
Let f = -4 + 5. Let c = f + -1. Let b = c + 6. List the prime factors of b.
2, 3
Suppose 5*h + 15 + 0 = 0. List the prime factors of (-6*2)/(h/2).
2
Let p be (3 - -27)*(-3)/(-6). Let c be (-36)/(-27) - (-44)/(-6). What are the prime factors of -2*4*p/c?
2, 5
Suppose 2*d + z - 163 = -3*d, -4*d = 5*z - 122. List the prime factors of d.
3, 11
Let r be (-2)/6 + 5/15. Suppose 0 = 4*h + l - 168, r = h + 4*l - 3*l - 39. List the prime factors of h.
43
Let b = 15 + -6. Let n = -6 + b. List the prime factors of n.
3
Let u(j) = -3*j + 1. Let n be u(-3). Suppose n = 4*o - 3*o. What are the prime factors of o?
2, 5
Let g(s) = s**3 - 6*s + 42. What are the prime factors of g(6)?
2, 3, 37
Let y = 5 + 16. List the prime factors of (-104)/(-28) - (-6)/y.
2
Let x = 3 + 3. Let n = -3 + x. List the prime factors of n.
3
Let z(c) = -c**3 + 13*c**2 - 2*c - 15. Let v be z(13). Let w = v - -70. What are the prime factors of w?
29
Let n(g) = 4*g**3 - 2*g**2 + 2*g + 1. Let j be n(-2). Let c = j + 73. List the prime factors of 2*(c/4 - 2).
11
Suppose -4*q = -7*q + 18. What are the prime factors of 3 - q*(-1)/2?
2, 3
Suppose 2*f + x - 15 + 3 = 0, 0 = 2*x - 8. Suppose c + 24 + 90 = 5*h, 0 = 5*h - f*c - 126. What are the prime factors of h?
2, 11
Suppose 5*n - 10 = 3*n. Suppose 0*j + 5*j = g - 137, -3*g - 149 = n*j. Let v = j + 41. List the prime factors of v.
13
Let z be ((-8)/10)/((-1)/(-20)). Let d = -37 - -34. Let k = d - z. What are the prime factors of k?
13
Let x(r) = 25*r + 21. What are the prime factors of x(4)?
11
Suppose g - 6 = -2*g. Suppose -2 = 2*q - g*d + 4, -5*q = -2*d. Suppose 3 = -z, 2*r = -q*r + z + 63. List the prime factors of r.
3, 5
Let x be (-2)/(-3)*(1 - -2). Suppose -5*d + 35 = 3*w - 8*w, -5*d + w = -43. Suppose q + x*q = d. What are the prime factors of q?
3
Suppose 4*a = 177 + 39. What are the prime factors of a?
2, 3
Let i(w) = -3*w - 4. Let z be i(5). Let y = 1 - z. What are the prime factors of y?
2, 5
List the prime factors of ((-182)/(-8))/(-3 - 39/(-12)).
7, 13
Suppose 0 = -16*f + 2*f + 1246. List the prime factors of f.
89
Let p(j) be the second derivative of 2*j**4 - j**3/3 + j**2/2 - j. Let g be p(1). Let z = -7 + g. What are the prime factors of z?
2
Suppose 30 = -y + 4*y. Suppose 0 = p - 3*p + y. Suppose -48 = s - p*s. What are the prime factors of s?
2, 3
What are the prime factors of 24/(-9)*(-12)/8?
2
Let m = 2 - 0. Suppose -56 = -2*i - m*i. What are the prime factors of i?
2, 7
Let i(u) = u**3 + 2*u**2 - 5*u - 2. Let q be i(-3). Let c be (q/(-6))/(4/(-12)). What are the prime factors of (c + 4/(-3))*15?
2, 5
What are the prime factors of (0 - -2) + 39*1?
41
Suppose -4*y + 8 = -0*y. Suppose -2*a + 6 - y = 0. Suppose -4*q = -2*b - 1 - 13, -5*b - a*q = -25. What are the prime factors of b?
3
Let x be 1082/22 - 6/33. Suppose d = x - 21. List the prime factors of d.
2, 7
Let b(p) = p**2 - 4*p - 6. Let u be b(7). Let f be (-6)/u*1*5. What are the prime factors of (-3)/(-2) - f/4?
2
Let u(i) = i**2 + i + 1. Let m be u(-1). Let r(k) = -13*k**3 - k**2 + k. Let v be r(m). Let c = v + 18. List the prime factors of c.
5
List the prime factors of (112/(-18) - -6) + 2722/18.
151
Let v(b) = 3*b**2 + b**2 + 1 + 5*b - 7*b**2 + 2*b**2. Let s be v(5). Suppose q - s - 4 = 0. What are the prime factors of q?
5
Let i(t) = -t**3 + 9*t**2 + 9*t + 13. Let r be i(10). Suppose -3*h - 135 = -r*s, 2 = 2*s + 4*h - 58. What are the prime factors of s?
2, 5
Let h be (-1)/(-3) - (-8)/3. Suppose -i - h*i = -8. Suppose -2*y = -i*u + 3*y, -3*y = -6. List the prime factors of u.
5
Let x(t) = 3*t**3 + t**2 - 4*t - 1. Let k be x(3). Let g = -38 + k. What are the prime factors of g?
3, 13
Let q be (-18)/((-6)/(-9)*-3). Suppose w = 23 - q. What are the prime factors of w?
2, 7
Let b = 50 - 3. What are the prime factors of b?
47
Let t(l) = -4*l + 3. Let p(n) = -n. Let i(y) = 5*p(y) - t(y). Suppose 0 = -4*x + 9 - 33. List the prime factors of i(x).
3
Let p = -405 - -596. What are the prime factors of p?
191
List the prime factors of 8/(-32) + 157/4.
3, 13
Let n be (0 + (-2 - -1))*-2. Let p(k) = -k - k**3 - 7*k**2 + 3*k**n + 0*k**2. What are the prime factors of p(-4)?
2
Suppose 6*g = 4*g + 104. List the prime factors of g.
2, 13
Suppose -4*o + 54 = -38. What are the prime factors of o?
23
Let l = -1 - -4. Suppose -12 = -3*r, l*u - u = -4*r + 22. Let w = u - 1. List the prime factors of w.
2
Suppose 262 + 250 = 2*z. What are the prime factors of z?
2
Suppose 4*g + 3*r + 40 = 7*r, -31 = 3*g - 4*r. Let i = 6 - g. What are the prime factors of i?
3, 5
Suppose -4*k - a - 3*a = -40, -5*k + 10 = -3*a. Let d = k - -2. What are the prime factors of d?
7
What are the prime factors of 34 - (0 + 1)*0?
2, 17
What are the prime factors of 2559/12 - (51/12 - 4)?
3, 71
Let n(k) = 5*k**3 - 4*k**3 + 10*k**2 + 4*k**2 + 20 - 14*k. What are the prime factors of n(-15)?
5
What are the prime factors of (-8 - 0)/4*126/(-4)?
3, 7
Let y be (-36)/(-6)*(-1)/(-3). Suppose -2 = -g, -4*j - 9 = -5*g + 1. List the prime factors of 1 + 1 + j + y.
2
Let i(d) = -13*d - 10. Let s(m) = 19*m + 15. Let b(t) = -7*i(t) - 5*s(t). What are the prime factors of b(-4)?
11
Suppose 0 = 5*u - 5*w - 15, -u + 4*w - 12 = -5*u. Suppose 2*d - 11 - 10 = -5*l, -4*l = u*d - 28. What are the prime factors of d?
2
Suppose g + 3*g + u = 9, 3*u = 15. What are the prime factors of g/(3*3/153)?
17
Let s = 306 - 124. What are the prime factors of s?
2, 7, 13
Suppose 88 = 5*g - 22. Suppose -4*j - 3*m = -16, g = 2*j - m - m. What are the prime factors of j?
7
Let s = 22 - 15. Suppose -s = 3*b - 4*b. List the prime factors of b.
7
Let w(f) = -f**3 - 3*f**2 - 5*f + 4. Let i be w(3). Let k = i - -91. What are the prime factors of k?
2, 13
What are the prime factors of 922/18 - (-14)/(-63)?
3, 17
Suppose 3*s - 2*i = -2, 5*i = -5*s - 0*i - 20. Let k = s - -10. What are the prime factors of k?
2
Let j = 145 - 0. List the prime factors of j.
5, 29
Suppose 3 = c, -18 = -7*y + 3*y + 2*c. Let i = y + -2. List the prime factors of i.
2
What are the prime factors of -2 - -2 - -54*(-6)/(-4)?
3
Let r = -8 - -35. Let q = -13 + r. What are the prime factors of q?
2, 7
Let a(b) = -2*b**2 - b - 1. Let l be a(-1). Let v be -2 + l + 51/3. Let j = v - 1. List the prime factors of j.
2, 3
Suppose 2*r - 10 = -b, -4*r - 4 = 3*b - 28. Suppose -3*y + 96 = -r*u, -y - 4*u = 3*y - 160. What are the prime factors of y?
2, 3
Suppose 21*v - 17*v - 328 = 0. List the prime factors of v.
2, 41
Suppose 4*l - 16 - 16 = 0. Suppose l = 2*t - 0*t. What are the prime factors of t?
2
Let k(d) = -6*d + 11. List the prime factors of k(-7).
53
Let s(q) = 9 - 2*q - q + 4*q + q. List the prime factors of s(8).
5
Suppose 3*z - 5*w = -15 + 46, -5*w = -5*z + 35. Let h = 9 + z. What are the prime factors of h?
11
Let v = -61 - -162. What are the prime factors of v?
101
Let v = -9 - -40. List the prime factors of v.
31
Let y(p) = 2*p**2 - 13*p - 3. Let v(d) = 3*d**2 - 19*d - 5. Let g(o) = 5*v(o) - 7*y(o). Let n be g(6). Suppose 3*m - 5*m + n = 0. List the prime factors of m.
2
Suppose -h + 292 = 3*h. List the prime factors of h.
73
Suppose -37 - 8 = -3*q. Suppose -5*v = c - 33, 5*c = -0*c + q. Suppose 20 = -5*i, 2*p + 3*i -